{"id":135,"date":"2020-09-23T14:37:58","date_gmt":"2020-09-23T12:37:58","guid":{"rendered":"https:\/\/www.celineglad.com\/?page_id=135"},"modified":"2025-07-26T11:30:30","modified_gmt":"2025-07-26T09:30:30","slug":"art-works","status":"publish","type":"page","link":"https:\/\/www.celineglad.com\/","title":{"rendered":"Artworks"},"content":{"rendered":"\n<p>Bienvenue ! Je suis C\u00e9line Gladkowski, alias GLAD, et <strong>je me consacre exclusivement depuis 2022 au dessin au stylo \u00e0 bille. <\/strong>Je travaille en monochrome au \u00ab\u00a0Bic Cristal\u00a0\u00bb ou en couleurs aux \u00ab\u00a0Bic 4 couleurs\u00a0\u00bb. J&rsquo;\u00e9cris mes images en couches successives de traits l\u00e9gers et fins jusqu&rsquo;\u00e0 ce que se r\u00e9v\u00e8lent la lumi\u00e8re et les couleurs.<br><br><strong>Pour me contacter : <\/strong><a href=\"https:\/\/www.celineglad.com\/index.php\/contact\/\"><strong>cliquez ici<\/strong><\/a><\/p>\n\n\n\n<figure class=\"wp-block-video\"><video controls src=\"https:\/\/www.celineglad.com\/wp-content\/uploads\/2025\/07\/process-dessin-au-stylo-bic-3.mp4\"><\/video><figcaption>Process (video en acc\u00e9l\u00e9r\u00e9)<\/figcaption><\/figure>\n\n\n\n<p id=\"tw-target-text\"><em>Welcome ! My name is C\u00e9line Gladkowski, alias GLAD, and since 2022 I have devoted myself exclusively to ballpoint pen drawing. I work in monochrome with \u00ab\u00a0Bic Cristal\u00a0\u00bb or in color with \u00ab\u00a0Bic 4 colors\u00a0\u00bb. I write my images in successive layers of light and fine lines until the light and colors are revealed.<\/em><\/p>\n\n\n\n<div class=\"wp-block-media-text alignwide is-stacked-on-mobile\"><figure class=\"wp-block-media-text__media\"><img loading=\"lazy\" width=\"979\" height=\"1024\" src=\"https:\/\/www.celineglad.com\/wp-content\/uploads\/2025\/07\/oiseau-sur-stylo-bic-979x1024.jpg\" alt=\"\" class=\"wp-image-721\" srcset=\"https:\/\/www.celineglad.com\/wp-content\/uploads\/2025\/07\/oiseau-sur-stylo-bic-979x1024.jpg 979w, https:\/\/www.celineglad.com\/wp-content\/uploads\/2025\/07\/oiseau-sur-stylo-bic-287x300.jpg 287w, https:\/\/www.celineglad.com\/wp-content\/uploads\/2025\/07\/oiseau-sur-stylo-bic-768x803.jpg 768w, https:\/\/www.celineglad.com\/wp-content\/uploads\/2025\/07\/oiseau-sur-stylo-bic-1469x1536.jpg 1469w, https:\/\/www.celineglad.com\/wp-content\/uploads\/2025\/07\/oiseau-sur-stylo-bic-500x523.jpg 500w, https:\/\/www.celineglad.com\/wp-content\/uploads\/2025\/07\/oiseau-sur-stylo-bic.jpg 1888w\" sizes=\"(max-width: 979px) 100vw, 979px\" \/><\/figure><div class=\"wp-block-media-text__content\">\n<p id=\"block-7e0f4499-6177-4343-b4ed-fd6cd6daa91a\"><a href=\"https:\/\/www.celineglad.com\/index.php\/categorie-produit\/dessins-originaux\/art-postal-art-poste\/\"><strong>ART POSTAL \/ dessins originaux sur enveloppe<\/strong><\/a><br><a href=\"https:\/\/www.celineglad.com\/index.php\/categorie-produit\/dessins-originaux\/serie-eclats-de-bic\/\"><strong>S\u00e9rie \u00ab\u00a0Eclat de Bic\u00a0\u00bb<\/strong><\/a><strong><a href=\"https:\/\/www.celineglad.com\/index.php\/categorie-produit\/dessins-originaux\/serie-eclats-de-bic\/\"><br><\/a><\/strong><a href=\"https:\/\/www.celineglad.com\/index.php\/categorie-produit\/dessins-originaux\/serie-des-livres-et-des-oiseaux\/\"><strong>S\u00e9rie \u00ab\u00a0des Livres et des Oiseaux\u00a0\u00bb<\/strong><\/a><br><a href=\"https:\/\/www.celineglad.com\/index.php\/categorie-produit\/dessins-originaux\/stylo-bec\/\"><strong>S\u00e9rie \u00ab\u00a0Stylo Bec\u00a0\u00bb<\/strong><\/a><br><a href=\"https:\/\/www.celineglad.com\/index.php\/categorie-produit\/dessins-originaux\/les-poules-bic-et-plumes\/\"><strong>S\u00e9rie \u00ab\u00a0Poules Bic et plumes\u00a0\u00bb<\/strong><\/a><br><a href=\"https:\/\/www.celineglad.com\/index.php\/categorie-produit\/carterie-postcards\/\" data-type=\"URL\" data-id=\"https:\/\/www.celineglad.com\/index.php\/categorie-produit\/carterie-postcards\/\"><strong>Carterie &amp; reproductions<\/strong><\/a><\/p>\n\n\n\n<p><\/p>\n<\/div><\/div>\n\n\n\n<p><\/p>\n","protected":false},"excerpt":{"rendered":"<p>Bienvenue ! Je suis C\u00e9line Gladkowski, alias GLAD, et je me consacre exclusivement depuis 2022 au dessin au stylo \u00e0 bille. Je travaille en monochrome au \u00ab\u00a0Bic Cristal\u00a0\u00bb ou en couleurs aux \u00ab\u00a0Bic 4 couleurs\u00a0\u00bb. J&rsquo;\u00e9cris mes images en couches successives de traits l\u00e9gers et fins jusqu&rsquo;\u00e0 ce que se r\u00e9v\u00e8lent la lumi\u00e8re et les couleurs. Pour me contacter : cliquez ici Welcome ! My name is C\u00e9line Gladkowski, alias GLAD, and since 2022 I have devoted myself exclusively to <a class=\"more-link\" href=\"https:\/\/www.celineglad.com\/\">Read More<i class=\"genericon genericon-next\"><\/i><\/a><\/p>\n","protected":false},"author":1,"featured_media":0,"parent":0,"menu_order":0,"comment_status":"closed","ping_status":"closed","template":"page-templates\/template-widgetized.php","meta":[],"_links":{"self":[{"href":"https:\/\/www.celineglad.com\/index.php\/wp-json\/wp\/v2\/pages\/135"}],"collection":[{"href":"https:\/\/www.celineglad.com\/index.php\/wp-json\/wp\/v2\/pages"}],"about":[{"href":"https:\/\/www.celineglad.com\/index.php\/wp-json\/wp\/v2\/types\/page"}],"author":[{"embeddable":true,"href":"https:\/\/www.celineglad.com\/index.php\/wp-json\/wp\/v2\/users\/1"}],"replies":[{"embeddable":true,"href":"https:\/\/www.celineglad.com\/index.php\/wp-json\/wp\/v2\/comments?post=135"}],"version-history":[{"count":23,"href":"https:\/\/www.celineglad.com\/index.php\/wp-json\/wp\/v2\/pages\/135\/revisions"}],"predecessor-version":[{"id":920,"href":"https:\/\/www.celineglad.com\/index.php\/wp-json\/wp\/v2\/pages\/135\/revisions\/920"}],"wp:attachment":[{"href":"https:\/\/www.celineglad.com\/index.php\/wp-json\/wp\/v2\/media?parent=135"}],"curies":[{"name":"wp","href":"https:\/\/api.w.org\/{rel}","templated":true}]}}