{"id":532,"date":"2023-05-03T10:03:19","date_gmt":"2023-05-03T08:03:19","guid":{"rendered":"https:\/\/www.celineglad.com\/?post_type=product&#038;p=532"},"modified":"2025-07-06T09:50:19","modified_gmt":"2025-07-06T07:50:19","slug":"rouge-gorge-bic-couleur-1","status":"publish","type":"product","link":"https:\/\/www.celineglad.com\/index.php\/produit\/rouge-gorge-bic-couleur-1\/","title":{"rendered":"Rouge Gorge #1"},"content":{"rendered":"<p>S\u00e9rie inspir\u00e9e par mon outil de pr\u00e9dilection, le stylo Bic, devenu pour l&rsquo;occasion le stylo Bec. On dit que les paroles s&rsquo;envolent et que les \u00e9crits restent&#8230; j&rsquo;ai imagin\u00e9 les petits oiseaux de mon jardin pareils \u00e0 des mots qui volent et j&rsquo;ai tent\u00e9 de les capturer au stylo.<br \/>\nIci, le rouge-gorge solitaire qui gonfle son plumage pour se prot\u00e9ger du froid.<\/p>\n<p>Dessin r\u00e9alis\u00e9 aux stylos \u00e0 bille \u00ab\u00a04 couleurs BIC\u00a0\u00bb sur papier format 15&#215;20 cm et encadr\u00e9 avec le capuchon du stylo assorti dans un cadre profond de type vitrine.<br \/>\nPasse-partout blanc avec le timbre GLAD, ouverture du passe-partout 10x15cm.<\/p>\n<p>Dimensions du cadre (couleur noir) :<br \/>\nlargeur 17 cm, hauteur 22 cm, profondeur 4,5 cm.<\/p>\n<p>Livraison soign\u00e9e en colissimo ou retrait sur place.<\/p>\n","protected":false},"excerpt":{"rendered":"<p>S\u00e9rie \u00ab\u00a0Stylo Bec\u00a0\u00bb<br \/>\nPassereau r\u00e9alis\u00e9 aux stylos \u00e0 bille Bic 4 couleurs, sur papier d&rsquo;Art Hahnemuhle, livr\u00e9 dans son cadre-vitrine avec le capuchon du stylo assorti.<\/p>\n","protected":false},"featured_media":533,"template":"","meta":[],"_links":{"self":[{"href":"https:\/\/www.celineglad.com\/index.php\/wp-json\/wp\/v2\/product\/532"}],"collection":[{"href":"https:\/\/www.celineglad.com\/index.php\/wp-json\/wp\/v2\/product"}],"about":[{"href":"https:\/\/www.celineglad.com\/index.php\/wp-json\/wp\/v2\/types\/product"}],"wp:featuredmedia":[{"embeddable":true,"href":"https:\/\/www.celineglad.com\/index.php\/wp-json\/wp\/v2\/media\/533"}],"wp:attachment":[{"href":"https:\/\/www.celineglad.com\/index.php\/wp-json\/wp\/v2\/media?parent=532"}],"curies":[{"name":"wp","href":"https:\/\/api.w.org\/{rel}","templated":true}]}}

<p>Série inspirée par mon outil de prédilection, le stylo Bic, devenu pour l&rsquo;occasion le stylo Bec. On dit que les paroles s&rsquo;envolent et que les écrits restent&#8230; j&rsquo;ai imaginé les petits oiseaux de mon jardin pareils à des mots qui volent et j&rsquo;ai tenté de les capturer au stylo.<br />
Ici, le rouge-gorge solitaire qui gonfle son plumage pour se protéger du froid.</p>
<p>Dessin réalisé aux stylos à bille « 4 couleurs BIC » sur papier format 15&#215;20 cm et encadré avec le capuchon du stylo assorti dans un cadre profond de type vitrine.<br />
Passe-partout blanc avec le timbre GLAD, ouverture du passe-partout 10x15cm.</p>
<p>Dimensions du cadre (couleur noir) :<br />
largeur 17 cm, hauteur 22 cm, profondeur 4,5 cm.</p>
<p>Livraison soignée en colissimo ou retrait sur place.</p>

<p>Série « Stylo Bec »<br />
Passereau réalisé aux stylos à bille Bic 4 couleurs, sur papier d&rsquo;Art Hahnemuhle, livré dans son cadre-vitrine avec le capuchon du stylo assorti.</p>
