{"id":850,"date":"2025-07-25T11:19:41","date_gmt":"2025-07-25T09:19:41","guid":{"rendered":"https:\/\/www.celineglad.com\/?post_type=product&#038;p=850"},"modified":"2026-02-25T16:41:55","modified_gmt":"2026-02-25T15:41:55","slug":"bouvreuil-pivoine-stylo-bic-couleurs","status":"publish","type":"product","link":"https:\/\/www.celineglad.com\/index.php\/produit\/bouvreuil-pivoine-stylo-bic-couleurs\/","title":{"rendered":"Bouvreuil pivoine, stylos Bic couleurs"},"content":{"rendered":"<p>Ce dessin minutieusement r\u00e9alis\u00e9 au stylo Bic d\u00e9voile un oiseau aux couleurs vibrantes, le bouvreuil pivoine, perch\u00e9 avec \u00e9l\u00e9gance sur le stylo embl\u00e9matique de notre quotidien. Les teintes allant du bleu au orange, en passant par des gris doux et des noirs profonds, apportent relief et caract\u00e8re \u00e0 cette composition originale. \u00c0 gauche, une mosa\u00efque de carr\u00e9s color\u00e9s repr\u00e9sente la palette de couleurs employ\u00e9es pour sa r\u00e9alisation \u00e0 la mani\u00e8re des gammes de contr\u00f4le en imprimerie. Elles illustrent la diversit\u00e9 de pigments qu\u2019on peut obtenir avec de simples stylos \u00e0 bille.<br \/>\nL\u2019\u0153uvre est un hommage \u00e0 la cr\u00e9ativit\u00e9 qui surgit des objets les plus familiers, transformant l\u2019ordinaire en extraordinaire. Elle s\u00e9duira les amateurs d\u2019art singulier et de techniques alternatives, \u00e0 la recherche d\u2019une pi\u00e8ce \u00e0 la fois audacieuse et d\u00e9licate.<\/p>\n<p>Livr\u00e9 dans un cadre en bois massif<br \/>\nDimensions ext\u00e9rieure du cadre : 32.8 x 32.8 cm<br \/>\nVerre de mus\u00e9e UV70<\/p>\n","protected":false},"excerpt":{"rendered":"<p>S\u00e9rie \u00ab\u00a0Eclat de Bic\u00a0\u00bb 30&#215;30 cm<br \/>\nCe dessin unique fait partie d\u2019une s\u00e9rie originale r\u00e9alis\u00e9e exclusivement au stylo Bic. Illustration d&rsquo;un oiseau perch\u00e9 sur un stylo, symbole de la cr\u00e9ativit\u00e9 jaillissant des objets du quotidien. Les couleurs \u00e9clatantes et les d\u00e9tails soign\u00e9s d\u00e9montrent la ma\u00eetrise d\u2019une technique inattendue, r\u00e9v\u00e9lant toute la richesse du dessin au stylo bille.<br \/>\n<!--StartFragment --><\/p>\n<p>Technique : Dessin au stylo Bic sur papier<br \/>\nDimensions : 30 x 30 cm<br \/>\nSupport : Papier offset, \u00e0 grain, ivoire, Arjomari<br \/>\nL&rsquo;\u0153uvre est subtilement sign\u00e9e d&rsquo;un timbre \u00e0 sec.<\/p>\n<p>Livr\u00e9 encadr\u00e9, sous verre mus\u00e9um.<br \/>\nFrais d&rsquo;exp\u00e9dition pour la France inclus dans le prix.<\/p>\n","protected":false},"featured_media":851,"template":"","meta":[],"_links":{"self":[{"href":"https:\/\/www.celineglad.com\/index.php\/wp-json\/wp\/v2\/product\/850"}],"collection":[{"href":"https:\/\/www.celineglad.com\/index.php\/wp-json\/wp\/v2\/product"}],"about":[{"href":"https:\/\/www.celineglad.com\/index.php\/wp-json\/wp\/v2\/types\/product"}],"wp:featuredmedia":[{"embeddable":true,"href":"https:\/\/www.celineglad.com\/index.php\/wp-json\/wp\/v2\/media\/851"}],"wp:attachment":[{"href":"https:\/\/www.celineglad.com\/index.php\/wp-json\/wp\/v2\/media?parent=850"}],"curies":[{"name":"wp","href":"https:\/\/api.w.org\/{rel}","templated":true}]}}